1 + 16 + -17 + 27
-35
What is the value of 23 - (53 + -6 - 1)?
-23
(-2 - (-125 - 4 - 2)) + (-101 - (61 - 146))
113
What is the value of -3 + (-4 - ((-4 - -10) + -19)) + -5 + 15?
16
Calculate 10 - 8 - -5 - (-16 - (2 + -6)).
19
What is the value of (19 - (-5 - -3)) + (346 - 337)?
30
What is the value of -13 - ((-3 - 23) + 6 - -32)?
-25
Evaluate (16 - (31 + 3) - -51) + -85.
-52
43 - (3 + 88) - -21 - 21
-48
Calculate 66 - 2 - (15 + -7 + 14).
42
19 + -6 + -5 + -9 - (47 + 1)
-49
Evaluate -16 + -1 + -5 + (1 - 0) - -5.
-16
Evaluate -43 + -2 + 46 + -11.
-10
Evaluate 2 - -21 - (-23 - -29 - -5) - 29.
-17
Evaluate 17 + -28 + 13 + (-1 - 30).
-29
Calculate -20 + 3 + -1 - ((-97 - -67) + 34).
-22
What is the value of -27 + (-13 - 29 - -42)?
-27
Evaluate 23 + -6 + (-12 - (-2 + 0)) + -8 - -14.
13
What is 11 + 37 + -11 + -31 - -10?
16
75 + (6 - (0 + 19 + -43 + (21 - -16)))
68
Evaluate (71 - 90 - 41) + 45.
-15
1 - (-1 - (-15 - -54)) - 20
21
Calculate -3 - -59 - (-51 + -4 + 72 - (-3 - -32)).
68
2 - (31 + -34 + (1 - -22))
-18
What is -2 - -13 - (-7 + 1 + 3 - 11 - 7)?
32
Evaluate 14 - 4 - 13 - (130 - 114).
-19
Evaluate 15 + -1 + 1243 + -1269 + -25.
-37
-20 - (-30 - (0 + -31))
-21
Calculate -47 + 2 + 5 + 23.
-17
87 + -109 + -77 + -2 + 47
-54
Evaluate -47 + (3 - -1) - (-24 - (-20 - 9)).
-48
Evaluate 89 + -4 + (-23 + 36 - 16) - -19.
101
Evaluate (-6 + 10 + -18 - -9) + 5 + -4.
-4
What is the value of 13 + -7 + 9 + 5 + -33 - 8?
-21
-18 - (-38 + (89 - 33))
-36
Evaluate 1 - -23 - (71 + (74 - 132)).
11
(-3 - (51 + -138)) + -107
-23
Evaluate -87 - 1 - (338 + -121 + -201).
-104
Calculate -1 + 43 + 4 + (42 - 54) + 2 + -7.
29
Calculate 8 + (138 - 129 - (0 + 21) - 43).
-47
90 - ((-2 - -72) + -41 + -49)
110
Evaluate (8 - 12) + (31 + -64 - 15).
-52
What is the value of -9 + -2 + (-24 - (-28 + 37))?
-44
Calculate (-80 + 6 - 12) + -64 + 89.
-61
What is the value of -18 + (-9 - -31 - (68 + -36)) + 11?
-17
-3 - (-21 - -60) - -16
-26
What is 8 + (-38 + 39 - 5) - 76?
-72
Calculate 65 + (24 - ((-21 - -39) + 1)).
70
(-3 + -8 - (-14 + -36 + 35)) + 44 + -2
46
Calculate -17 + (-3 - (16 - 9)) + (10 - (-8 - -17)).
-26
What is -517 + 508 + -38 + -1?
-48
(-139824 - -139841) + (-1 - (40 + (-1 - -2)))
-25
4 + -12 + 1 + 32 + (4 - 1) - -8
36
(0 + 3 - -40) + -2163 + 2176
56
Calculate (-18 + 33 - -2 - (2 - -9)) + 34.
40
Calculate -201 - -120 - 53 - (-28 - -1).
-107
-38 + (-2 - 0 - (14 + (18 - 41)))
-31
Evaluate -2 - (-29 + (4 - (9 + -18))).
14
What is (64 + 0 - (-222 + 224)) + -14?
48
What is the value of (-7 - 17) + 46 + -43?
-21
What is -6 - ((-4 - -17) + 2 + -5 - (-718 + 710))?
-24
Evaluate (-1 - -4) + 72 + -170 + 110 + (1 - 135).
-119
What is the value of 97 + (154 - 210) - (120 - 2)?
-77
Calculate 108 - 0 - (5004 - 4819).
-77
Evaluate -206 + (49 - (49 + -100)).
-106
What is 19 + 46 + (-24 - 38) + 1 + 46?
50
2 - -65 - (-93 + -40 - -134)
66
Evaluate -34 - (20 - (11 + 16 + 8)).
-19
What is the value of (-17 - -14) + (46 - 21)?
22
What is the value of 40 + (-38 - -1) - 30?
-27
What is (111 - (133 + 21)) + 67?
24
What is (-28 + 14 - 15) + 8 + 0 - -9?
-12
What is the value of (-5 + -5 + 13 - -13) + -10 + -1?
5
What is the value of -56 - -2 - (-20 + (-4 - (16 - 27)))?
-41
Calculate 2 + (-2 - (4 - 1) - (-84 - -116 - 27)).
-8
What is -166 + 212 + -22 + -3 + -14?
7
Evaluate 52 + -1 + (195 - 321).
-75
What is (0 - -97) + 21 + (4 + -11 + -12 - -12)?
111
What is (-7 - -15) + 4 + (9 - 7) + 2?
16
-102 + (58 - -60) - (-1 + 1)
16
Evaluate -17 + -172 + 194 + 2 + 0.
7
Calculate -65 + 0 + 2 + (25 - (30 + -37 - -28)).
-59
1 + -8 + 4 + -23 + 43
17
-136 + 179 - 9 - (90 - 0)
-56
What is 1 - ((36 - -5) + -28) - -41?
29
Calculate -76 - -2 - (12 - (-23 + 36 + (0 - -1))).
-72
(30 + -40 - (2 - 5)) + 19 - -10
22
Calculate -30 - -16 - (2 + -6) - -7.
-3
What is (583 - 590) + -87 + -4?
-98
Calculate (9 - (7 + -7)) + 24 + -8.
25
What is the value of (33 + 18 - -1) + -62?
-10
What is 153 + 73 + -138 + -41?
47
What is (37 - -64) + 19 - (-3 - (-3 - 23))?
97
Evaluate 104 - ((103 - 75) + 17).
59
What is the value of (2 - 38) + 57 - 14?
7
What is the value of 34 + -153 + 239 + -227?
-107
What is the value of (-7 - (0 - (23 - 44))) + -10?
-38
Calculate -22 + 2 + 46 + 35 - 19.
42
What is the value of (40 - -2) + -13 + 45 - (7 + (5 - 3))?
65
Evaluate 107 + (54 + 17 - 116).
62
What is -8 + -13 + 33 + 29?
41
Calculate 67 - (36 + 0) - 36.
-5
0 + -14 + (40 - 0) + 32 + -47 + -132
-121
What is (15 - (73 + 0)) + 125?
67
What is the value of -6 + (4 - (-9 + 10) - -5) - (-4 - -6)?
0
What is the value of 2 + -1 - (57 - 60) - (-2 - -6)?
0
Calculate 26 - (-79 - 6) - (21 + (7 - 11)).
94
What is (3085 - 3095) + 3 + -1 + -81?
-89
Evaluate -81 - ((9 + -18 - -56) + -15).
-113
What is 17 - (5 - -2 - -17) - (-3 - (0 + -64))?
-68
Calculate -7 - (-29 + 9) - 75 - (-64 - -59).
-57
What is the value of -22 - (1 + -2 + 2 - (-861 - -853))?
-31
What is -9 - (11 - (19 - 10)) - (0 - 8)?
-3
What is the value of (1256 - 1245) + -2 + 32?
41
Calculate (-1 - ((0 - 2) + 63)) + (549 - (-353 + 901)).
-61
Calculate -15 + 57 - (0 - -5 - 8).
45
What is -111 - 3 - ((1 - -8) + (62 - 147 - -77))?
-115
What is the value of -2 - 0 - (14 + -10 - -23 - 20)?
-9
Evaluate -1297 + 1274 - (-3 - (0 - -20)).
0
What is the value of (-433 - -392) + (9 - (-1 + 5))?
-36
Calculate (-30 - -3) + 276 + -294 - -2.
-43
-74 - -7 - (2 - (4 + -12) - 13)
-64
-4 + (0 - -8) + 24 + -36 + -53 + -2
-63
What is the value of 79 - (5 + (-26 - -51) + -35)?
84
What is the value of (-192 - -192 - ((-101 - -5) + -1)) + -19?
78
Evaluate 12 - (-20 - (-10 + (2 - 7) + 7)).
24
Calculate (-12562 - -12524) + (0 - (0 + 50)).
-88
What is -45 - (36 - (51 + -13))?
-43
Evaluate -6 + -14 + (32 - 6) + -2 - -21.
25
-18 + 1 + -70 + 27 + 66
6
Calculate (56 - (-64 - -73)) + 1.
48
What is (40 - 20 - (-3 - -7)) + -21?
-5
Calculate (-2 + 0 + 0 - (-329 + 336)) + (-44 - -124).
71
What is the value of 31 - (-14 + (37 - 2) - (8 - 6 - -10))?
22
(13 - (33 - 11)) + 59 + -13
37
What is the value of 143 - 93 - (-23 + 2 + (10 - 7))?
68
Evaluate (-85 - (-24 + 14 - -7)) + 14 + -2.
-70
What is (0 - ((15 - 8) + -18)) + -105 + (10 - 0)?
-84
What is -11 + 90 + (-37 - 5)?
37
-134 + (270 - -12) + -29
119
-8 - (9 - 16 - 7) - -93
99
What is the value of 28412 + -28361 + (1 + 0 - 22)?
30
13 - ((20 - 32) + 3 + -6)
28
Calculate 9 + 15 + (-27 - 3) - -28.
22
26 - 1 - (-5022 + 5030)
17
(17 - (4 - -20)) + 12 + -2
3
What is (-20 - -1) + (3 - (3 - 8)) - (-45 - 54)?
88
Evaluate (22 - (1 + 34)) + 66 + 4.
57
-68 - 6 - (808 - 994)
112
(46 - 65 - -31) + 10 + 0 + 0
22
(4 - -115) + 1833 + -1940
12
What is 15 - (-7 + 14) - (-3 + -1 + 49)?
-37
7 - -4 - 1 - (-20 - -24 - (-2 + 9))
13
-10 - (-23 + 83 - 70)
0
-9 + -9 + 6 + (-6 - (-1 - 5 - -10))
-22
What is -61 + 86 - -9 - -5?
39
(1 - 17) + (-278 - -250) + -3
-47
Evaluate 14 + (-20 - 1 - 7) - 35.
-49
-4 + 50 + -2 - ((19 - 31) + 3 + 20)
33
What is the value of (18 - -11 - 58) + (-7 - -27)?
-9
Calculate 90 - (5 + 38 + -69 - -28).
88
What is -13 + (-4 - (1 + (-7 - -9))) + -44?
-64
What is the value of (19 - 55 - (-27 + 39)) + 12 + -1 + 0?
-37
What is 103 + -50 + 16 - 0?
69
Evaluate (-7 - -3) + (56 - (15 - (5 - -3)) - 0).
45
What is (-55 - (-49 - -22)) + 31 + (0 - 1)?
2
Calculate 8 - (16 - (-29 - -31)) - (1 + -2).
-5
What is -104 - -89 - (-2 + (-3 - 1 - -1) + 2)?
-12
Calculate (5 - -28 - 9) + (-13 - -2) + -38.
-25
Calculate 76 + -95 - (5 + (-16 - -3)).
-11
What is the value of 0 + -7 - (-56 - (-104 - -81))?
26
Evaluate (-2 + 0 - (-11 + 20)) + 7 + (-40 - 7).
-51
Calculate -13 + (-2 + -87 - (-72 - -34)).
-64
What is 13 - 33 - (-10 + -43)?
33
Calculate -65 - (-39 + (23 - 11)).
-38
Calculate -16 - (-8 + 4 - 26).
14
Evaluate -3 + 10 + (-37 - (-9 - 16)) + -14.
-19
Evaluate -11 + (87 - (99 + -25)).
2
Calculate (37 - (-29 - -32)) + -28.
6
Evaluate 12 + (-91 - -101) + -9.
13
Calculate (2 - 35) + -30 + 5 + (61 - 48).
-45
Calculate -11 - ((0 - -3) + -4 + 74 + -85).
1
What is 143 - 51 - ((3 + 8 - 4) + 9)?
76
What is the value of 12 - (-29 + 11 + 9 + 22)?
-1
Evaluate 10 - ((-21 - (-7 - -8)) + 18).
14
What is -26 + (37 - 11) + -15 + (-2 - -9)?
-8
What is the value of 4 + -111 + 178 + -50?
21
-9 + (-6 - 0) - (16 - 26) - -2 - -2
-1
Calculate 659 - 617 - (-24 + 4 + 0).
62
What is 11 + 69 + (-39 - (-47 + 24))?
64
-1 + -1 + (17 - 17) - (5 + -132 -